osite?
True
Is 95554 composite?
True
Is 37153 prime?
False
Is 13121 a composite number?
False
Is 1470361 a composite number?
True
Is 48847 a prime number?
True
Is 5557 a prime number?
True
Is 2443687 a prime number?
True
Is 92413 a prime number?
True
Is 34267 prime?
True
Is 230809 composite?
True
Is 89942 prime?
False
Is 8461 a prime number?
True
Is 3653 composite?
True
Is 2939 a composite number?
False
Is 5099 a prime number?
True
Is 1121401 a prime number?
False
Is 14941 composite?
True
Is 10762 prime?
False
Is 259121 a composite number?
False
Is 23809 prime?
False
Is 49673 prime?
False
Is 19169 a composite number?
True
Is 414571 a prime number?
True
Is 1655419 a prime number?
True
Is 759703 a prime number?
False
Is 100907 composite?
False
Is 2773 composite?
True
Is 48751 a composite number?
False
Is 335609 a prime number?
True
Is 32919 a composite number?
True
Is 9209 a composite number?
False
Is 35683 a composite number?
True
Is 293 a prime number?
True
Is 40861 composite?
True
Is 198743 a prime number?
False
Is 259169 a prime number?
True
Is 88843 a composite number?
False
Is 547467 prime?
False
Is 1673 composite?
True
Is 2038159 prime?
True
Is 616487 a prime number?
False
Is 325282 a prime number?
False
Is 3691 prime?
True
Is 140869 a prime number?
True
Is 23509 a composite number?
False
Is 63097 composite?
False
Is 28321 a prime number?
False
Is 57011 prime?
False
Is 28115 prime?
False
Is 501 a composite number?
True
Is 2825639 composite?
False
Is 103633 composite?
True
Is 11179 a composite number?
True
Is 116711 composite?
True
Is 41887 composite?
False
Is 1280399 a composite number?
False
Is 793499 composite?
True
Is 63343 a composite number?
True
Is 4561 prime?
True
Is 12847 prime?
False
Is 8263 composite?
False
Is 3887489 a prime number?
True
Is 5182 a composite number?
True
Is 43721 a composite number?
False
Is 9157 prime?
True
Is 32411 prime?
True
Is 4464569 prime?
True
Is 58889 a composite number?
False
Is 62273 a composite number?
False
Is 31451 a prime number?
False
Is 901 a composite number?
True
Is 124861 a prime number?
False
Is 109703 a composite number?
True
Is 3259 a composite number?
False
Is 31957 composite?
False
Is 251911 composite?
True
Is 43387 prime?
False
Is 695 prime?
False
Is 12347 a prime number?
True
Is 571829 a composite number?
True
Is 69841 composite?
True
Is 19645 composite?
True
Is 777869 composite?
True
Is 171233 a prime number?
True
Is 1159 a composite number?
True
Is 34667 a prime number?
True
Is 2121343 a prime number?
False
Is 5507 prime?
True
Is 1231981 a prime number?
True
Is 240211 a prime number?
False
Is 11359 prime?
False
Is 353 prime?
True
Is 47041 a prime number?
True
Is 240223 composite?
True
Is 248329 a prime number?
False
Is 16143 composite?
True
Is 22229 prime?
True
Is 42877 a prime number?
False
Is 25523 a composite number?
False
Is 1906337 a prime number?
True
Is 364817 composite?
True
Is 1432073 composite?
False
Is 58267 a prime number?
False
Is 164213 prime?
False
Is 56843 composite?
False
Is 635419 composite?
True
Is 2169701 prime?
True
Is 4091 composite?
False
Is 563023 prime?
False
Is 587 a composite number?
False
Is 5779 a composite number?
False
Is 2804743 prime?
False
Is 21881 a composite number?
False
Is 631489 a prime number?
False
Is 75473 a composite number?
True
Is 853 a composite number?
False
Is 115399 a composite number?
False
Is 162101 a composite number?
True
Is 80737 a prime number?
True
Is 94469 a prime number?
False
Is 336521 a prime number?
True
Is 944383 prime?
False
Is 45383 a prime number?
False
Is 36061 composite?
False
Is 3043 a composite number?
True
Is 164881 a composite number?
False
Is 7509 prime?
False
Is 599815 a composite number?
True
Is 32297 prime?
True
Is 960171 prime?
False
Is 1291 a composite number?
False
Is 29653 composite?
True
Is 12389 prime?
False
Is 2213 prime?
True
Is 53591 composite?
False
Is 26339 prime?
True
Is 75287 prime?
False
Is 40123 prime?
True
Is 83177 prime?
True
Is 13303 a prime number?
False
Is 533361 a prime number?
False
Is 2847671 composite?
False
Is 44017 composite?
False
Is 77969 composite?
False
Is 838 composite?
True
Is 5261 a composite number?
False
Is 4201 a composite number?
False
Is 31281 a prime number?
False
Is 47095 composite?
True
Is 173605 prime?
False
Is 298223 a prime number?
True
Is 2513 prime?
False
Is 18371 a prime number?
True
Is 73174 a prime number?
False
Is 367033 a composite number?
False
Is 326293 composite?
True
Is 4412977 composite?
False
Is 1927162 composite?
True
Is 30623 prime?
False
Is 7817 composite?
False
Is 365929 prime?
True
Is 518509 composite?
False
Is 1959 a prime number?
False
Is 2657 a prime number?
True
Is 89877 composite?
True
Is 253501 a composite number?
False
Is 74219 a prime number?
True
Is 64969 prime?
True
Is 377501 prime?
False
Is 70417 prime?
False
Is 22433 a prime number?
True
Is 33853 prime?
False
Is 5557 a prime number?
True
Is 8803 prime?
True
Is 215641 a prime number?
False
Is 1607497 a composite number?
True
Is 149801 a composite number?
True
Is 1728659 composite?
False
Is 21647 a prime number?
True
Is 1296467 a composite number?
False
Is 915727 a prime number?
True
Is 2371 a prime number?
True
Is 29567 a prime number?
True
Is 51749 a prime number?
True
Is 53602 composite?
True
Is 48947 a composite number?
False
Is 264779 a composite number?
False
Is 55603 a prime number?
True
Is 11854 prime?
False
Is 41429 a prime number?
False
Is 12761 prime?
False
Is 19841 a prime number?
True
Is 37123 a composite number?
False
Is 2707 a prime number?
True
Is 323983 prime?
False
Is 7717 a composite number?
False
Is 186977 a prime number?
False
Is 1319 prime?
True
Is 187787 a composite number?
False
Is 759089 composite?
False
Is 114713 prime?
True
Is 61879 composite?
False
Is 20593 a prime number?
True
Is 50455 a prime number?
False
Is 774071 a prime number?
True
Is 1027291 a prime number?
False
Is 31817 prime?
True
Is 53723 a prime number?
False
Is 741337 a composite number?
False
Is 3205 prime?
False
Is 1203557 a prime number?
True
Is 599537 a composite number?
False
Is 7409 a composite number?
True
Is 169707 prime?
False
Is 980521 a prime number?
False
Is 191213 a composite number?
True
Is 223073 a prime number?
False
Is 351389 composite?
True
Is 5779 composite?
False
Is 14743 a prime number?
False
Is 291545 composite?
True
Is 287657 prime?
False
Is 54506 a prime number?
False
Is 10577 composite?
True
Is 108973 composite?
True
Is 186773 a composite number?
False
Is 75281 a composite number?
True
Is 323738 composite?
True
Is 1823381 prime?
False
Is 130199 a prime number?
True
Is 26797 a composite number?
True
Is 462515 prime?
False
Is 23774 composite?
True
Is 45093 a prime number?
False
Is 48731 composite?
False
Is 157367 a composite number?
True
Is 2591705 a prime number?
False
Is 9301 a composite number?
True
Is 352877 a composite number?
True
Is 38249 a prime number?
False
Is 371779 prime?
True
Is 97049 a prime number?
False
Is 6805 a composite number?
True
Is 4313 a prime number?
False
Is 8924719 a prime number?
True
Is 258959 prime?
True
Is 202115 composite?
True
Is 5639 prime?
True
Is 597955 a composite number?
True
Is 409 a prime number?
True
Is 82757 composite?
False
Is 2245 composite?
True
Is 821 composite?
False
Is 10007 a prime number?
True
Is 8791 prime?
False
Is 3862 a composite number?
True
Is 25131 a prime number?
False
Is 1913 a composite number?
False
Is 301211 a prime number?
True
Is 1363 a prime number?
False
Is 11519 a composite number?
False
Is 200807 a composite number?
False
Is 167663 a composite number?
False
Is 15699 a prime number?
False
Is 182633 a prime number?
False
Is 960223 a composite number?
True
Is 57374 prime?
False
Is 608753 a prime number?
False
Is 815 prime?
False
Is 6619 composite?
False
Is 1188767 a composite number?
True
Is 393989 a composite number?
False
Is 3271 prime?
True
Is 2914823 a composite number?
True
Is 1689 a composite number?
True
Is 92843 prime?
False
Is 17785 a prime number?
False
Is 45293 a prime number?
True
Is 259834 a prime number?
False
Is 13813 prime?
False
Is 4547 a prime number?
True
Is 10895 a prime number?
False
Is 99557 a composite number?
True
Is 639091 prime?
True
Is 2227 a composite number?
True
Is 29327 a comp